{"id":22,"date":"2019-04-28T08:18:13","date_gmt":"2019-04-28T08:18:13","guid":{"rendered":"https:\/\/urjalanrengaspalvelu.fi\/?page_id=22"},"modified":"2026-01-20T13:15:02","modified_gmt":"2026-01-20T13:15:02","slug":"etusivu","status":"publish","type":"page","link":"https:\/\/urjalanrengaspalvelu.fi\/","title":{"rendered":"Etusivu"},"content":{"rendered":"<h1 class=\"entry-title post-title\" style=\"text-align: center;\">Urjalan Rengaspalvelu Oy<\/h1>\n<div class=\"post-entry\">\n<h4>Laatu renkaita. Laatu palvelua. Paikallisesti!<\/h4>\n<p>Palvelemme:<img loading=\"lazy\" decoding=\"async\" class=\"size-medium wp-image-6 alignright\" src=\"https:\/\/urjalanrengaspalvelu.fi\/wp-content\/uploads\/2019\/04\/tirepic-300x332-271x300.png\" alt=\"\" width=\"271\" height=\"300\" srcset=\"https:\/\/urjalanrengaspalvelu.fi\/wp-content\/uploads\/2019\/04\/tirepic-300x332-271x300.png 271w, https:\/\/urjalanrengaspalvelu.fi\/wp-content\/uploads\/2019\/04\/tirepic-300x332.png 300w\" sizes=\"auto, (max-width: 271px) 100vw, 271px\" \/><br \/>\nAukioloajat:<br \/>\nTalvisin 1.10.\u201331.5:<br \/>\nma-pe 8-17<br \/>\nKes\u00e4isin 1.6.\u201330.9:<br \/>\nma-pe 7.30-16<br \/>\nSesonkiaikoina avoinna my\u00f6s lauantaisin. Varmista soittamalla!<\/p>\n<p>Ota yhteytt\u00e4<br \/>\n<a href=\"tel:035466270\">03-546 6270<\/a><\/p>\n<h4>Joustava ja monipuolinen rengasliike Urjalassa<\/h4>\n<p>Urjalan Rengaspalvelu on Urjalassa toimiva rengasliike, joka palvelee henkil\u00f6- ja yritysasiakkaita kaikissa rengastarpeissa. Henkil\u00f6kuntamme koostuu alan rautaisista ammattilaisista ja tuotteillamme on tyytyv\u00e4isyystakuu. Tutustu palveluihimme ja ota yhteytt\u00e4<\/p>\n<table>\n<tbody>\n<tr>\n<th>Yhteystiedot<\/th>\n<td><strong>Kartta<\/strong><\/td>\n<td><strong>Renkaat ja Vanteet<\/strong><\/td>\n<\/tr>\n<tr>\n<td style=\"text-align: center;\"><img loading=\"lazy\" decoding=\"async\" class=\"size-medium wp-image-6 alignright\" src=\"https:\/\/urjalanrengaspalvelu.fi\/wp-content\/uploads\/2022\/10\/yhteystiedot.png\" alt=\"\" width=\"300\" height=\"200\" \/><\/td>\n<td><iframe loading=\"lazy\" id=\"inlineFrameExample\" style=\"border: 0;\" title=\"Inline Frame Example\" src=\"https:\/\/www.google.com\/maps\/embed?pb=!1m14!1m8!1m3!1d7717.416496369436!2d23.526091480395504!3d61.081212965071586!3m2!1i1024!2i768!4f13.1!3m3!1m2!1s0x0%3A0x41e6c314a5bd106d!2sUrjalan+Rengaspalvelu+Oy!5e0!3m2!1sfi!2sfi!4v1454923386049\" width=\"300\" height=\"200\" frameborder=\"0\"><\/iframe><\/td>\n<td style=\"text-align: center;\"><img loading=\"lazy\" decoding=\"async\" class=\"size-medium wp-image-6 alignright\" src=\"https:\/\/urjalanrengaspalvelu.fi\/wp-content\/uploads\/2022\/10\/tirepic-table3.png\" alt=\"\" width=\"300\" height=\"200\" \/><\/td>\n<\/tr>\n<\/tbody>\n<\/table>\n<p>Saimme juuri valmiiksi hallin uuden laajennososan.<br \/>\nT\u00e4m\u00e4 kohde on saanut EU:n maaseuturahoitusta:<br \/>\nRaskaan kaluston asennustilojen laajennus<br \/>\nRahoittaja: Pirkanmaan ELY-keskus<\/p>\n<\/div>\n<div class=\"post-entry\">\n<table style=\"height: 239px;\" width=\"951\">\n<tbody>\n<tr>\n<td style=\"text-align: start;\"><img loading=\"lazy\" decoding=\"async\" class=\"alignnone wp-image-188\" src=\"https:\/\/urjalanrengaspalvelu.fi\/wp-content\/uploads\/2026\/01\/IMG_6115_3-300x189.jpg\" alt=\"\" width=\"357\" height=\"225\" srcset=\"https:\/\/urjalanrengaspalvelu.fi\/wp-content\/uploads\/2026\/01\/IMG_6115_3-300x189.jpg 300w, https:\/\/urjalanrengaspalvelu.fi\/wp-content\/uploads\/2026\/01\/IMG_6115_3-100x63.jpg 100w, https:\/\/urjalanrengaspalvelu.fi\/wp-content\/uploads\/2026\/01\/IMG_6115_3-150x95.jpg 150w, https:\/\/urjalanrengaspalvelu.fi\/wp-content\/uploads\/2026\/01\/IMG_6115_3-200x126.jpg 200w, https:\/\/urjalanrengaspalvelu.fi\/wp-content\/uploads\/2026\/01\/IMG_6115_3-450x284.jpg 450w, https:\/\/urjalanrengaspalvelu.fi\/wp-content\/uploads\/2026\/01\/IMG_6115_3.jpg 480w\" sizes=\"auto, (max-width: 357px) 100vw, 357px\" \/>\u00a0 \u00a0 \u00a0 \u00a0 \u00a0 \u00a0<img loading=\"lazy\" decoding=\"async\" class=\"alignnone wp-image-191\" src=\"https:\/\/urjalanrengaspalvelu.fi\/wp-content\/uploads\/2026\/01\/IMG_6114_2-300x187.jpg\" alt=\"\" width=\"361\" height=\"225\" srcset=\"https:\/\/urjalanrengaspalvelu.fi\/wp-content\/uploads\/2026\/01\/IMG_6114_2-300x187.jpg 300w, https:\/\/urjalanrengaspalvelu.fi\/wp-content\/uploads\/2026\/01\/IMG_6114_2-100x62.jpg 100w, https:\/\/urjalanrengaspalvelu.fi\/wp-content\/uploads\/2026\/01\/IMG_6114_2-150x93.jpg 150w, https:\/\/urjalanrengaspalvelu.fi\/wp-content\/uploads\/2026\/01\/IMG_6114_2-200x125.jpg 200w, https:\/\/urjalanrengaspalvelu.fi\/wp-content\/uploads\/2026\/01\/IMG_6114_2-450x280.jpg 450w, https:\/\/urjalanrengaspalvelu.fi\/wp-content\/uploads\/2026\/01\/IMG_6114_2.jpg 480w\" sizes=\"auto, (max-width: 361px) 100vw, 361px\" \/><\/td>\n<\/tr>\n<\/tbody>\n<\/table>\n<table style=\"height: 130px;\" width=\"909\">\n<tbody>\n<tr>\n<td style=\"text-align: start;\"><img loading=\"lazy\" decoding=\"async\" class=\"alignnone wp-image-178\" src=\"https:\/\/urjalanrengaspalvelu.fi\/wp-content\/uploads\/2026\/01\/elyfi-300x105.png\" alt=\"\" width=\"289\" height=\"101\" srcset=\"https:\/\/urjalanrengaspalvelu.fi\/wp-content\/uploads\/2026\/01\/elyfi-300x105.png 300w, https:\/\/urjalanrengaspalvelu.fi\/wp-content\/uploads\/2026\/01\/elyfi-1024x359.png 1024w, https:\/\/urjalanrengaspalvelu.fi\/wp-content\/uploads\/2026\/01\/elyfi-768x269.png 768w, https:\/\/urjalanrengaspalvelu.fi\/wp-content\/uploads\/2026\/01\/elyfi-100x35.png 100w, https:\/\/urjalanrengaspalvelu.fi\/wp-content\/uploads\/2026\/01\/elyfi-150x53.png 150w, https:\/\/urjalanrengaspalvelu.fi\/wp-content\/uploads\/2026\/01\/elyfi-200x70.png 200w, https:\/\/urjalanrengaspalvelu.fi\/wp-content\/uploads\/2026\/01\/elyfi-450x158.png 450w, https:\/\/urjalanrengaspalvelu.fi\/wp-content\/uploads\/2026\/01\/elyfi-600x210.png 600w, https:\/\/urjalanrengaspalvelu.fi\/wp-content\/uploads\/2026\/01\/elyfi-900x316.png 900w, https:\/\/urjalanrengaspalvelu.fi\/wp-content\/uploads\/2026\/01\/elyfi.png 1078w\" sizes=\"auto, (max-width: 289px) 100vw, 289px\" \/><img loading=\"lazy\" decoding=\"async\" class=\"alignnone wp-image-177\" src=\"https:\/\/urjalanrengaspalvelu.fi\/wp-content\/uploads\/2026\/01\/fi-euroopan-unionin-osarahoittama_pos-1024x215-1-300x63.png\" alt=\"\" width=\"295\" height=\"62\" srcset=\"https:\/\/urjalanrengaspalvelu.fi\/wp-content\/uploads\/2026\/01\/fi-euroopan-unionin-osarahoittama_pos-1024x215-1-300x63.png 300w, https:\/\/urjalanrengaspalvelu.fi\/wp-content\/uploads\/2026\/01\/fi-euroopan-unionin-osarahoittama_pos-1024x215-1-768x161.png 768w, https:\/\/urjalanrengaspalvelu.fi\/wp-content\/uploads\/2026\/01\/fi-euroopan-unionin-osarahoittama_pos-1024x215-1-100x21.png 100w, https:\/\/urjalanrengaspalvelu.fi\/wp-content\/uploads\/2026\/01\/fi-euroopan-unionin-osarahoittama_pos-1024x215-1-150x31.png 150w, https:\/\/urjalanrengaspalvelu.fi\/wp-content\/uploads\/2026\/01\/fi-euroopan-unionin-osarahoittama_pos-1024x215-1-200x42.png 200w, https:\/\/urjalanrengaspalvelu.fi\/wp-content\/uploads\/2026\/01\/fi-euroopan-unionin-osarahoittama_pos-1024x215-1-450x94.png 450w, https:\/\/urjalanrengaspalvelu.fi\/wp-content\/uploads\/2026\/01\/fi-euroopan-unionin-osarahoittama_pos-1024x215-1-600x126.png 600w, https:\/\/urjalanrengaspalvelu.fi\/wp-content\/uploads\/2026\/01\/fi-euroopan-unionin-osarahoittama_pos-1024x215-1-900x189.png 900w, https:\/\/urjalanrengaspalvelu.fi\/wp-content\/uploads\/2026\/01\/fi-euroopan-unionin-osarahoittama_pos-1024x215-1.png 1024w\" sizes=\"auto, (max-width: 295px) 100vw, 295px\" \/><\/td>\n<\/tr>\n<\/tbody>\n<\/table>\n<p>&nbsp;<\/p>\n<\/div>\n<p>&nbsp;<\/p>\n","protected":false},"excerpt":{"rendered":"<p>Urjalan Rengaspalvelu Oy Laatu renkaita. Laatu palvelua. Paikallisesti! Palvelemme: Aukioloajat: Talvisin 1.10.\u201331.5: ma-pe 8-17 Kes\u00e4isin 1.6.\u201330.9: ma-pe 7.30-16 Sesonkiaikoina avoinna my\u00f6s lauantaisin. Varmista soittamalla! Ota yhteytt\u00e4 03-546 6270 Joustava ja monipuolinen rengasliike Urjalassa Urjalan Rengaspalvelu on Urjalassa toimiva rengasliike, joka &hellip;<\/p>\n<p class=\"read-more\"> <a class=\"more-link\" href=\"https:\/\/urjalanrengaspalvelu.fi\/\"> <span class=\"screen-reader-text\">Etusivu<\/span> Read More &raquo;<\/a><\/p>\n","protected":false},"author":1,"featured_media":0,"parent":0,"menu_order":0,"comment_status":"closed","ping_status":"closed","template":"","meta":{"footnotes":""},"class_list":["post-22","page","type-page","status-publish","hentry"],"_links":{"self":[{"href":"https:\/\/urjalanrengaspalvelu.fi\/index.php?rest_route=\/wp\/v2\/pages\/22","targetHints":{"allow":["GET"]}}],"collection":[{"href":"https:\/\/urjalanrengaspalvelu.fi\/index.php?rest_route=\/wp\/v2\/pages"}],"about":[{"href":"https:\/\/urjalanrengaspalvelu.fi\/index.php?rest_route=\/wp\/v2\/types\/page"}],"author":[{"embeddable":true,"href":"https:\/\/urjalanrengaspalvelu.fi\/index.php?rest_route=\/wp\/v2\/users\/1"}],"replies":[{"embeddable":true,"href":"https:\/\/urjalanrengaspalvelu.fi\/index.php?rest_route=%2Fwp%2Fv2%2Fcomments&post=22"}],"version-history":[{"count":58,"href":"https:\/\/urjalanrengaspalvelu.fi\/index.php?rest_route=\/wp\/v2\/pages\/22\/revisions"}],"predecessor-version":[{"id":192,"href":"https:\/\/urjalanrengaspalvelu.fi\/index.php?rest_route=\/wp\/v2\/pages\/22\/revisions\/192"}],"wp:attachment":[{"href":"https:\/\/urjalanrengaspalvelu.fi\/index.php?rest_route=%2Fwp%2Fv2%2Fmedia&parent=22"}],"curies":[{"name":"wp","href":"https:\/\/api.w.org\/{rel}","templated":true}]}}