{"id":3,"date":"2019-04-28T07:39:00","date_gmt":"2019-04-28T07:39:00","guid":{"rendered":"https:\/\/urjalanrengaspalvelu.fi\/?page_id=3"},"modified":"2019-04-29T06:12:15","modified_gmt":"2019-04-29T06:12:15","slug":"privacy-policy","status":"publish","type":"page","link":"https:\/\/urjalanrengaspalvelu.fi\/?page_id=3","title":{"rendered":"Privacy Policy"},"content":{"rendered":"\r\n<div class=\"header\">\r\n<div class=\"header-inner\">\r\n<div class=\"logo\">\r\n<h1 class=\"entry-title post-title wp-block-heading\">Urjalan Rengaspalvelu Oy<\/h1>\r\n<\/div>\r\n<\/div>\r\n<\/div>\r\n<div class=\"main-container\">\r\n<div class=\"content-area\">\r\n<div class=\"middle-align content_sidebar\">\r\n<div id=\"sitemain\" class=\"site-main\">\r\n<article id=\"post-139\" class=\"post-139 page type-page status-publish hentry\"><header class=\"entry-header\">\r\n<h1 class=\"entry-title\">Ev\u00e4stek\u00e4yt\u00e4nt\u00f6 ja tietosuojaseloste<\/h1>\r\n<\/header>\r\n<div class=\"entry-content\">\r\n<p><strong>Ev\u00e4stek\u00e4yt\u00e4nt\u00f6<\/strong><\/p>\r\n<p>Sivustollamme https:\/\/urjalanrengaspalvelu.fi k\u00e4ytet\u00e4\u00e4n ev\u00e4steit\u00e4 joiden avulla sinut erotetaan sivustomme muista k\u00e4ytt\u00e4jist\u00e4. Tarkalleen sanoen tunnistamme selaimesi, ja\u00a0tietoa ei voi yhdist\u00e4\u00e4 esimerkiksi nimeesi tai osoitteeseesi.<\/p>\r\n<p>Ev\u00e4steet ker\u00e4\u00e4v\u00e4t meille t\u00e4rke\u00e4t\u00e4 tietoa, koska niiden avulla\u00a0saamme tiet\u00e4\u00e4 koska vierailit sivustollamme, mit\u00e4 kautta sinne p\u00e4\u00e4dyit, kauanko viivyit siell\u00e4 ja mit\u00e4 sivuja selasit. T\u00e4m\u00e4 data auttaa meit\u00e4 kehitt\u00e4m\u00e4\u00e4n sivustoamme, tuotteitamme\u00a0ja palveluitamme.<\/p>\r\n<p>Ev\u00e4ste on pieni tekstitiedosto joka ladataan laitteellesi jotta voimme tunnistaa selaimesi kun vierailet sivuillamme. Ev\u00e4ste siis vain \u201ckorvamerkitsee\u201d selaimesi, se ei ole ohjelma joten sen mukana ei voida asentaa viruksia tai haittaohjelmia.\u00a0Halutessasi voit poistaa ev\u00e4steet jolloin emme en\u00e4\u00e4 tunnista sinua ja est\u00e4\u00e4 niiden lis\u00e4\u00e4misen selaimesi asetuksista. Sivustomme selaaminen ei vaadi ev\u00e4steiden hyv\u00e4ksymist\u00e4 selaimessasi.<\/p>\r\n<p>Sivustolla k\u00e4ytet\u00e4\u00e4n eri ohjelmistoja ja teknologioita\u00a0k\u00e4vij\u00e4seurantaa, mainontaa,\u00a0mainonnan seurantaa, mainonnan uudelleenkohdistamista ja sivuston k\u00e4ytett\u00e4vyyden parantamista varten. My\u00f6s n\u00e4m\u00e4 voivat tallentaa k\u00e4ytt\u00e4j\u00e4n laitteelle v\u00e4liaikaisia ja pysyvi\u00e4 ev\u00e4steit\u00e4, eli ns. kolmannen osapuolen ev\u00e4steit\u00e4.\u00a0K\u00e4ytett\u00e4v\u00e4t teknologiat:<\/p>\r\n<ul>\r\n<li>Google Analytics<\/li>\r\n<li>Google Adwords<\/li>\r\n<li>Google Webmaster Tools<\/li>\r\n<\/ul>\r\n<p>Edell\u00e4 mainitut teknologiat ja ohjelmistot\u00a0saattavat tallentaa\u00a0dataa eri puolilla maailmaa sijaitseviin tallennussijainteihin.<\/p>\r\n<p>Kolmannet osapuolet, kuten Google, voivat k\u00e4ytt\u00e4\u00e4 ev\u00e4steit\u00e4, majakoita ja muita tallennustekniikoita ker\u00e4tess\u00e4\u00e4n ja vastaanottaessaan tietoja sivustoistamme ja k\u00e4ytt\u00e4\u00e4 n\u00e4it\u00e4 tietoja mittauspalvelujen tarjoamiseen ja mainosten kohdentamiseen.<\/p>\r\n<p>Lis\u00e4tietoja ev\u00e4steist\u00e4 sek\u00e4 siit\u00e4, miten n\u00e4et, mit\u00e4 ev\u00e4steit\u00e4 on asetettu, ja miten voit hallita, est\u00e4\u00e4 ja poistaa niit\u00e4, saat osoitteista\u00a0<a href=\"http:\/\/www.allaboutcookies.org\/\">www.allaboutcookies.org<\/a>\u00a0ja\/tai\u00a0<a href=\"http:\/\/www.aboutcookies.org\/\">www.aboutcookies.org<\/a>. Sivustot osoitteissa\u00a0<a href=\"http:\/\/www.allaboutcookies.org\/\">www.allaboutcookies.org<\/a>\u00a0ja\u00a0<a href=\"http:\/\/www.aboutcookies.org\/\">www.aboutcookies.org<\/a>\u00a0antavat tarkat, vaihe vaiheelta etenev\u00e4t ohjeet ev\u00e4steiden hallintaan ja poistamiseen selaintyypist\u00e4 riippuen. Voit s\u00e4\u00e4t\u00e4\u00e4 selaimesi asetukset haluamallesi suojaustasolle.<\/p>\r\n<p>Seuraavissa ulkopuolisissa linkeiss\u00e4 selostetaan, miten ev\u00e4steiden hallinta onnistuu yleisimmill\u00e4 selaintyypeill\u00e4:<\/p>\r\n<p>Internet Explorer:\u00a0<a href=\"http:\/\/support.microsoft.com\/kb\/278835\">http:\/\/support.microsoft.com\/kb\/278835<\/a><\/p>\r\n<p>Chrome:\u00a0<a href=\"http:\/\/support.google.com\/chrome\/bin\/answer.py?hl=en-GB&amp;answer=95647\">http:\/\/support.google.com\/chrome\/bin\/answer.py?hl=en-GB&amp;answer=95647<\/a><\/p>\r\n<p>Firefox:\u00a0<a href=\"http:\/\/support.mozilla.org\/en-US\/kb\/Enabling%20and%20disabling%20cookies\">http:\/\/support.mozilla.org\/en-US\/kb\/Enabling%20and%20disabling%20cookies<\/a><\/p>\r\n<p>Safari:\u00a0<a href=\"http:\/\/docs.info.apple.com\/article.html?path=Safari\/5.0\/en\/9277.html\">http:\/\/docs.info.apple.com\/article.html?path=Safari\/5.0\/en\/9277.html<\/a><\/p>\r\n<p>Opera:\u00a0<a href=\"http:\/\/www.opera.com\/browser\/tutorials\/security\/privacy\/\">http:\/\/www.opera.com\/browser\/tutorials\/security\/privacy\/<\/a><\/p>\r\n<p>Android:\u00a0<a href=\"http:\/\/support.google.com\/mobile\/bin\/answer.py?hl=en&amp;answer=169022\">http:\/\/support.google.com\/mobile\/bin\/answer.py?hl=en&amp;answer=169022<\/a><\/p>\r\n<p>Blackberry:\u00a0<a href=\"http:\/\/docs.blackberry.com\/en\/smartphone_users\/deliverables\/32004\/Turn_off_cookies_in_the_browser_60_1072866_11.jsp\">http:\/\/docs.blackberry.com\/en\/smartphone_users\/deliverables\/32004\/Turn_off_cookies_in_the_browser_60_1072866_11.jsp<\/a><\/p>\r\n<p><strong>Tietosuojaseloste<\/strong><\/p>\r\n<p>Henkil\u00f6tietolains\u00e4\u00e4d\u00e4nn\u00f6n mukainen tietosuojaseloste (erit. henkil\u00f6tietolaki, 523\/1999, 10 ja 24 \u00a7).<\/p>\r\n<p><strong>Henkil\u00f6rekisteri<\/strong><\/p>\r\n<p><strong>Rekisterinpit\u00e4j\u00e4<\/strong><\/p>\r\n<p>Urjalan Rengaspalvelu Oy<\/p>\r\n<p>Peltorinteentie 6<\/p>\r\n<p>31760, Urjala<\/p>\r\n<p>Puh. 03-546 6270<\/p>\r\n<p>Y-tunnus: 2219998-9<\/p>\r\n<p><strong>Yhteyshenkil\u00f6 rekisteri\u00e4 koskevissa asioissa<\/strong><\/p>\r\n<p>Petri Ahvenus<\/p>\r\n<p>03-546 6270<\/p>\r\n<p>myynti @ urjalanrengaspalvelu.fi<\/p>\r\n<p><strong>Rekisterin nimi<\/strong><\/p>\r\n<p>Asiakasrekisteri<\/p>\r\n<p><strong>Henkil\u00f6tietojen k\u00e4sittelyn tarkoitus<\/strong><\/p>\r\n<ul>\r\n<li>Asiakassuhteen hoitaminen ja ylla\u0308pito<\/li>\r\n<li>Urjalan Rengaspalvelu Oy ja yhteistyo\u0308kumppaneiden tarjoamien palvelujen toteuttaminen, myynti, hallinta, laskuttaminen ja tuotteiden\/palveluiden markkinointi seka\u0308 palveluiden kehitta\u0308minen<\/li>\r\n<\/ul>\r\n<p><strong>Rekisterin tietosis\u00e4lt\u00f6<\/strong><\/p>\r\n<ul>\r\n<li>Yhteystiedot: Yrityksen nimi, yhteyshenkil\u00f6n\u00a0nimi, asema ja osoitetiedot, puhelinnumerot, sa\u0308hko\u0308postiosoitteet<\/li>\r\n<li>Asiakkaan k\u00e4yt\u00f6ss\u00e4 olevat tai olleet laitteet ja palvelut, asiakkaan tilaamat ty\u00f6t ja muut toimenpiteet\u00a0ja edell\u00e4 mainittuja koskevat tiedot<\/li>\r\n<\/ul>\r\n<p><strong>S\u00e4\u00e4nn\u00f6nmukaiset tietol\u00e4hteet<\/strong><\/p>\r\n<p>Asiakkaan antamat tiedot, muista julkisista tietokannoista saatavissa olevat tiedot (esim. kaupparekisteri).<\/p>\r\n<p><strong>Tietojen s\u00e4\u00e4nn\u00f6nmukaiset luovutukset<\/strong><\/p>\r\n<p>Tietoja ei luovuteta s\u00e4\u00e4nn\u00f6nmukaisesti.<\/p>\r\n<p><strong>Tietojen siirto EU:n tai ETA:n ulkopuolelle<\/strong><\/p>\r\n<p>Tietoja ei luovuteta EU:n tai ETA ulkopuolelle.<\/p>\r\n<p><strong>Rekisterin suojauksen periaatteet<\/strong><\/p>\r\n<p>Manuaalinen aineisto:<\/p>\r\n<p>Manuaalinen aineisto s\u00e4ilytet\u00e4\u00e4n lukitussa tilassa.<\/p>\r\n<p>S\u00e4hk\u00f6isesti tallennetut tiedot:<\/p>\r\n<p>Rekisteri on suojattu ulkoisilta tunkeutumisilta teknisin suojakeinoin. Rekisteri\u00e4 k\u00e4sittelev\u00e4t Urjalan Rengaspalvelu Oy rekisterin pit\u00e4j\u00e4<\/p>\r\n<p><strong>Tarkastusoikeus<\/strong><\/p>\r\n<p>Jokaisella on oikeus tieta\u0308a\u0308, mita\u0308 ha\u0308nta\u0308 koskevia tietoja henkilo\u0308rekisteriin on tallennettu. Tarkastusoikeus on maksuton kerran vuodessa ja pyynto\u0308a\u0308 esitetta\u0308essa\u0308 henkilo\u0308n on todistettava oma henkilo\u0308llisyytensa\u0308 esitt\u00e4m\u00e4ll\u00e4 asiakaspalvelussa viranomaisen my\u00f6nt\u00e4m\u00e4 henkil\u00f6llisyystodistus. Tiedot annetaan pyydett\u00e4ess\u00e4 kirjallisesti. Oikaisupyynn\u00f6t on j\u00e4tett\u00e4v\u00e4 henkil\u00f6kohtaisesti Kuusisto Services asiakaspalveluun josta ne toimitetaan rekisterin yhteyshenkil\u00f6lle.<\/p>\r\n<p><strong>Oikeus vaatia tiedon korjaamista<\/strong><\/p>\r\n<p>Rekisterinpita\u0308ja\u0308 poistaa, oikaisee tai ta\u0308ydenta\u0308a\u0308 ka\u0308sittelyn kannalta virheelliset, tarpeettomat, puutteelliset tai vanhentuneet tiedot oma-aloitteisesti tai henkilo\u0308n pyynno\u0308sta\u0308. Oikaisu- ja t\u00e4ydennyspyynn\u00f6t osoitetaan Asiakkaan nimetylle yhteyshenkil\u00f6lle puhelimitse, s\u00e4hk\u00f6postitse, henkil\u00f6kohtaisesti tai kirjallisesti. Poistopyynn\u00f6t on j\u00e4tett\u00e4v\u00e4 henkil\u00f6kohtaisesti Kuusisto Services asiakaspalveluun josta ne toimitetaan rekisterin yhteyshenkil\u00f6lle.<\/p>\r\n<p><strong>Tietojen s\u00e4ilytysaika<\/strong><\/p>\r\n<p>S\u00e4ilyt\u00e4mme k\u00e4ytt\u00e4j\u00e4n tietoja niin kauan kuin on tarpeen yll\u00e4 m\u00e4\u00e4riteltyjen tarkoitusten toteuttamiseksi kulloinkin voimassaolevan lains\u00e4\u00e4d\u00e4nn\u00f6n mukaisesti.<\/p>\r\n<p><strong>\u00a0Muut henkil\u00f6tietojen k\u00e4sittelyyn liittyv\u00e4t oikeudet<\/strong><\/p>\r\n<p>Rekistero\u0308idylla\u0308 on oikeus kielta\u0308a\u0308 rekisterinpita\u0308ja\u0308a\u0308 ka\u0308sittelema\u0308sta\u0308 ha\u0308nta\u0308 itsea\u0308a\u0308n koskevia tietoja suoramainontaa, eta\u0308myyntia\u0308 ja muuta suoramarkkinointia, markkina- ja mielipidetutkimuksia, henkilo\u0308matrikkelia ja sukututkimusta varten.\u00a0Kielto tulee osoittaa rekisteriasioista vastaavalle yhteyshenkilo\u0308lle.<\/p>\r\n<\/div>\r\n<\/article>\r\n<\/div>\r\n<\/div>\r\n<\/div>\r\n<div id=\"footer-wrapper\"><footer class=\"footer\">\r\n<div class=\"footer-col-1\">\u00a0<\/div>\r\n<div class=\"footer-col-1\">\r\n<h2>Urjalan Rengaspalvelu Oy<\/h2>\r\n<\/div>\r\n<div class=\"footer-col-3\">\r\n<div class=\"footer-col-1\">\r\n<h4>Laatu renkaita. Laatu palvelua. Paikallisesti!<\/h4>\r\n<\/div>\r\n<p>Peltorinteentie 6, Urjala, 31760<strong>Puh.<\/strong><br \/>03-546 6270<strong>S\u00e4hk\u00f6posti:<\/strong><br \/>myynti @ urjalanrengaspalvelu.fi<\/p>\r\n<\/div>\r\n<\/footer>\r\n<div class=\"copyright-wrapper\">\r\n<div class=\"copyright\">\r\n<div class=\"design-by\">\u00a0<\/div>\r\n<\/div>\r\n<div class=\"clear\">\u00a0<\/div>\r\n<\/div>\r\n<\/div>\r\n<div id=\"trp-floater-ls\" class=\"trp-floater-ls-names\" data-no-translation=\"\">\u00a0<\/div>\r\n<div id=\"cookie-notice\" class=\"cn-bottom bootstrap\" role=\"banner\">\r\n<div class=\"cookie-notice-container\">\u00a0<\/div>\r\n<\/div>\r\n<\/div>\r\n","protected":false},"excerpt":{"rendered":"<p>Urjalan Rengaspalvelu Oy Ev\u00e4stek\u00e4yt\u00e4nt\u00f6 ja tietosuojaseloste Ev\u00e4stek\u00e4yt\u00e4nt\u00f6 Sivustollamme https:\/\/urjalanrengaspalvelu.fi k\u00e4ytet\u00e4\u00e4n ev\u00e4steit\u00e4 joiden avulla sinut erotetaan sivustomme muista k\u00e4ytt\u00e4jist\u00e4. Tarkalleen sanoen tunnistamme selaimesi, ja\u00a0tietoa ei voi yhdist\u00e4\u00e4 esimerkiksi nimeesi tai osoitteeseesi. Ev\u00e4steet ker\u00e4\u00e4v\u00e4t meille t\u00e4rke\u00e4t\u00e4 tietoa, koska niiden avulla\u00a0saamme tiet\u00e4\u00e4 koska &hellip;<\/p>\n<p class=\"read-more\"> <a class=\"more-link\" href=\"https:\/\/urjalanrengaspalvelu.fi\/?page_id=3\"> <span class=\"screen-reader-text\">Privacy Policy<\/span> Read More &raquo;<\/a><\/p>\n","protected":false},"author":1,"featured_media":0,"parent":0,"menu_order":0,"comment_status":"closed","ping_status":"open","template":"","meta":{"footnotes":""},"class_list":["post-3","page","type-page","status-publish","hentry"],"_links":{"self":[{"href":"https:\/\/urjalanrengaspalvelu.fi\/index.php?rest_route=\/wp\/v2\/pages\/3","targetHints":{"allow":["GET"]}}],"collection":[{"href":"https:\/\/urjalanrengaspalvelu.fi\/index.php?rest_route=\/wp\/v2\/pages"}],"about":[{"href":"https:\/\/urjalanrengaspalvelu.fi\/index.php?rest_route=\/wp\/v2\/types\/page"}],"author":[{"embeddable":true,"href":"https:\/\/urjalanrengaspalvelu.fi\/index.php?rest_route=\/wp\/v2\/users\/1"}],"replies":[{"embeddable":true,"href":"https:\/\/urjalanrengaspalvelu.fi\/index.php?rest_route=%2Fwp%2Fv2%2Fcomments&post=3"}],"version-history":[{"count":5,"href":"https:\/\/urjalanrengaspalvelu.fi\/index.php?rest_route=\/wp\/v2\/pages\/3\/revisions"}],"predecessor-version":[{"id":71,"href":"https:\/\/urjalanrengaspalvelu.fi\/index.php?rest_route=\/wp\/v2\/pages\/3\/revisions\/71"}],"wp:attachment":[{"href":"https:\/\/urjalanrengaspalvelu.fi\/index.php?rest_route=%2Fwp%2Fv2%2Fmedia&parent=3"}],"curies":[{"name":"wp","href":"https:\/\/api.w.org\/{rel}","templated":true}]}}